[INFO] fetching crate potenv 0.1.0...
[INFO] checking potenv-0.1.0 against master#9610dfe5a9a731ced1ea4923ecbd0c57fe367898 for beta-170-4
[INFO] extracting crate potenv 0.1.0 into /workspace/builds/worker-1-tc1/source
[INFO] validating manifest of crates.io crate potenv 0.1.0 on toolchain 9610dfe5a9a731ced1ea4923ecbd0c57fe367898
[INFO] running `Command { std: CARGO_HOME="/workspace/cargo-home" RUSTUP_HOME="/workspace/rustup-home" "/workspace/cargo-home/bin/cargo" "+9610dfe5a9a731ced1ea4923ecbd0c57fe367898" "metadata" "--manifest-path" "Cargo.toml" "--no-deps", kill_on_drop: false }`
[INFO] started tweaking crates.io crate potenv 0.1.0
[INFO] finished tweaking crates.io crate potenv 0.1.0
[INFO] tweaked toml for crates.io crate potenv 0.1.0 written to /workspace/builds/worker-1-tc1/source/Cargo.toml
[INFO] running `Command { std: CARGO_HOME="/workspace/cargo-home" RUSTUP_HOME="/workspace/rustup-home" __CARGO_TEST_CHANNEL_OVERRIDE_DO_NOT_USE_THIS="nightly" "/workspace/cargo-home/bin/cargo" "+9610dfe5a9a731ced1ea4923ecbd0c57fe367898" "generate-lockfile" "--manifest-path" "Cargo.toml" "-Zno-index-update", kill_on_drop: false }`
[INFO] running `Command { std: CARGO_HOME="/workspace/cargo-home" RUSTUP_HOME="/workspace/rustup-home" "/workspace/cargo-home/bin/cargo" "+9610dfe5a9a731ced1ea4923ecbd0c57fe367898" "fetch" "--manifest-path" "Cargo.toml", kill_on_drop: false }`
[INFO] running `Command { std: "docker" "create" "-v" "/var/lib/crater-agent-workspace/builds/worker-1-tc1/target:/opt/rustwide/target:rw,Z" "-v" "/var/lib/crater-agent-workspace/builds/worker-1-tc1/source:/opt/rustwide/workdir:ro,Z" "-v" "/var/lib/crater-agent-workspace/cargo-home:/opt/rustwide/cargo-home:ro,Z" "-v" "/var/lib/crater-agent-workspace/rustup-home:/opt/rustwide/rustup-home:ro,Z" "-e" "SOURCE_DIR=/opt/rustwide/workdir" "-e" "CARGO_TARGET_DIR=/opt/rustwide/target" "-e" "CARGO_HOME=/opt/rustwide/cargo-home" "-e" "RUSTUP_HOME=/opt/rustwide/rustup-home" "-w" "/opt/rustwide/workdir" "-m" "1610612736" "--user" "0:0" "--network" "none" "ghcr.io/rust-lang/crates-build-env/linux@sha256:19e73879b68f455e41552ea35293514db52ea292d993f571636dbffedb77a1ee" "/opt/rustwide/cargo-home/bin/cargo" "+9610dfe5a9a731ced1ea4923ecbd0c57fe367898" "metadata" "--no-deps" "--format-version=1", kill_on_drop: false }`
[INFO] [stdout] 69ba4a341b766fad19a1ee6bf97f155778273c8e04c51c2a9598751a00660623
[INFO] running `Command { std: "docker" "start" "-a" "69ba4a341b766fad19a1ee6bf97f155778273c8e04c51c2a9598751a00660623", kill_on_drop: false }`
[INFO] running `Command { std: "docker" "inspect" "69ba4a341b766fad19a1ee6bf97f155778273c8e04c51c2a9598751a00660623", kill_on_drop: false }`
[INFO] running `Command { std: "docker" "rm" "-f" "69ba4a341b766fad19a1ee6bf97f155778273c8e04c51c2a9598751a00660623", kill_on_drop: false }`
[INFO] [stdout] 69ba4a341b766fad19a1ee6bf97f155778273c8e04c51c2a9598751a00660623
[INFO] running `Command { std: "docker" "create" "-v" "/var/lib/crater-agent-workspace/builds/worker-1-tc1/target:/opt/rustwide/target:rw,Z" "-v" "/var/lib/crater-agent-workspace/builds/worker-1-tc1/source:/opt/rustwide/workdir:ro,Z" "-v" "/var/lib/crater-agent-workspace/cargo-home:/opt/rustwide/cargo-home:ro,Z" "-v" "/var/lib/crater-agent-workspace/rustup-home:/opt/rustwide/rustup-home:ro,Z" "-e" "SOURCE_DIR=/opt/rustwide/workdir" "-e" "CARGO_TARGET_DIR=/opt/rustwide/target" "-e" "CARGO_INCREMENTAL=0" "-e" "RUST_BACKTRACE=full" "-e" "RUSTFLAGS=--cap-lints=forbid" "-e" "RUSTDOCFLAGS=--cap-lints=forbid" "-e" "CARGO_HOME=/opt/rustwide/cargo-home" "-e" "RUSTUP_HOME=/opt/rustwide/rustup-home" "-w" "/opt/rustwide/workdir" "-m" "1610612736" "--user" "0:0" "--network" "none" "ghcr.io/rust-lang/crates-build-env/linux@sha256:19e73879b68f455e41552ea35293514db52ea292d993f571636dbffedb77a1ee" "/opt/rustwide/cargo-home/bin/cargo" "+9610dfe5a9a731ced1ea4923ecbd0c57fe367898" "check" "--frozen" "--all" "--all-targets" "--message-format=json", kill_on_drop: false }`
[INFO] [stdout] 6dfe3131dd31495521c90c258447bf676d8530383ba6e70323c3ee02117e2bd6
[INFO] running `Command { std: "docker" "start" "-a" "6dfe3131dd31495521c90c258447bf676d8530383ba6e70323c3ee02117e2bd6", kill_on_drop: false }`
[INFO] [stderr]    Compiling futures-core v0.3.28
[INFO] [stderr]    Compiling semver v1.0.17
[INFO] [stderr]    Compiling futures-channel v0.3.28
[INFO] [stderr]     Checking futures-sink v0.3.28
[INFO] [stderr]    Compiling syn v1.0.109
[INFO] [stderr]    Compiling thiserror v1.0.40
[INFO] [stderr]    Compiling cfg-if v1.0.0
[INFO] [stderr]     Checking same-file v1.0.6
[INFO] [stderr]     Checking futures-timer v3.0.2
[INFO] [stderr]    Compiling syn v2.0.18
[INFO] [stderr]     Checking walkdir v2.3.3
[INFO] [stderr]    Compiling rustc_version v0.4.0
[INFO] [stderr]    Compiling rstest_macros v0.17.0
[INFO] [stderr]    Compiling futures-macro v0.3.28
[INFO] [stderr]    Compiling thiserror-impl v1.0.40
[INFO] [stderr]    Compiling serde_derive v1.0.163
[INFO] [stderr]     Checking futures-util v0.3.28
[INFO] [stderr]     Checking potenv v0.1.0 (/opt/rustwide/workdir)
[INFO] [stderr]     Checking serde v1.0.163
[INFO] [stderr]     Checking futures-executor v0.3.28
[INFO] [stderr]     Checking futures v0.3.28
[INFO] [stderr]     Checking rstest v0.17.0
[INFO] [stderr]     Checking serde_json v1.0.96
[INFO] [stdout] error[E0583]: file not found for module `tests`
[INFO] [stdout]  --> src/env/mod.rs:2:1
[INFO] [stdout]   |
[INFO] [stdout] 2 | mod tests;
[INFO] [stdout]   | ^^^^^^^^^^
[INFO] [stdout]   |
[INFO] [stdout]   = help: to create the module `tests`, create file "src/env/tests.rs" or "src/env/tests/mod.rs"
[INFO] [stdout] 
[INFO] [stdout] 
[INFO] [stdout] error[E0583]: file not found for module `tests`
[INFO] [stdout]   --> src/evaluator/mod.rs:11:1
[INFO] [stdout]    |
[INFO] [stdout] 11 | mod tests;
[INFO] [stdout]    | ^^^^^^^^^^
[INFO] [stdout]    |
[INFO] [stdout]    = help: to create the module `tests`, create file "src/evaluator/tests.rs" or "src/evaluator/tests/mod.rs"
[INFO] [stdout] 
[INFO] [stdout] 
[INFO] [stdout] error[E0583]: file not found for module `tests`
[INFO] [stdout]  --> src/parser/mod.rs:3:1
[INFO] [stdout]   |
[INFO] [stdout] 3 | mod tests;
[INFO] [stdout]   | ^^^^^^^^^^
[INFO] [stdout]   |
[INFO] [stdout]   = help: to create the module `tests`, create file "src/parser/tests.rs" or "src/parser/tests/mod.rs"
[INFO] [stdout] 
[INFO] [stdout] 
[INFO] [stdout] error[E0583]: file not found for module `test_utils`
[INFO] [stdout]   --> src/lib.rs:14:1
[INFO] [stdout]    |
[INFO] [stdout] 14 | mod test_utils;
[INFO] [stdout]    | ^^^^^^^^^^^^^^^
[INFO] [stdout]    |
[INFO] [stdout]    = help: to create the module `test_utils`, create file "src/test_utils.rs" or "src/test_utils/mod.rs"
[INFO] [stdout] 
[INFO] [stdout] 
[INFO] [stdout] error[E0583]: file not found for module `tests`
[INFO] [stdout]   --> src/tokenizer/mod.rs:12:1
[INFO] [stdout]    |
[INFO] [stdout] 12 | mod tests;
[INFO] [stdout]    | ^^^^^^^^^^
[INFO] [stdout]    |
[INFO] [stdout]    = help: to create the module `tests`, create file "src/tokenizer/tests.rs" or "src/tokenizer/tests/mod.rs"
[INFO] [stdout] 
[INFO] [stdout] 
[INFO] [stdout] error: aborting due to 5 previous errors
[INFO] [stdout] 
[INFO] [stdout] 
[INFO] [stdout] For more information about this error, try `rustc --explain E0583`.
[INFO] [stdout] 
[INFO] [stderr] error: could not compile `potenv` (lib test) due to 6 previous errors
[INFO] running `Command { std: "docker" "inspect" "6dfe3131dd31495521c90c258447bf676d8530383ba6e70323c3ee02117e2bd6", kill_on_drop: false }`
[INFO] running `Command { std: "docker" "rm" "-f" "6dfe3131dd31495521c90c258447bf676d8530383ba6e70323c3ee02117e2bd6", kill_on_drop: false }`
[INFO] [stdout] 6dfe3131dd31495521c90c258447bf676d8530383ba6e70323c3ee02117e2bd6
